c(46).
10
Let r(d) = -3332*d + 13280. Give r(4).
-48
Let p(g) = 2*g + 3. Calculate p(1).
5
Let x(y) = 8*y**2 + 184*y + 967. Determine x(-8).
7
Let q(t) = -t**3 - 4*t**2 - t + 6. Calculate q(0).
6
Let p(y) = 34*y + 1871. Calculate p(-55).
1
Let a(z) = 400*z**2 + 6002*z + 21. Determine a(-15).
-9
Let i(n) = n**2 - 585*n + 7416. Calculate i(13).
-20
Let h(m) = 2345*m + 63302. Determine h(-27).
-13
Let x(k) = -72*k + 6279. Give x(87).
15
Let j(p) = 1216*p - 17010. Calculate j(14).
14
Let v(h) = 16*h - 721. What is v(50)?
79
Let u(l) = 38*l - 168. What is u(7)?
98
Let t(f) = -96*f - 754. Determine t(-8).
14
Let j(q) = 26*q + 162. Calculate j(7).
344
Let z(l) = 15*l - 234. Give z(19).
51
Let m(k) = 213*k - 38761. Give m(182).
5
Let b(q) = -2*q**2 + 17*q + 161. Calculate b(-12).
-331
Let n(q) = 10*q**2 + 541*q + 56. Determine n(-54).
2
Let i(y) = -y**2 + 59*y + 485. Calculate i(-8).
-51
Let a(o) = -363*o + 100. Give a(0).
100
Let z(f) = 52*f - 1983. Give z(38).
-7
Let f(j) = j**3 - 16*j**2 + 48*j - 57. Calculate f(13).
60
Let n(c) = c**2 - 15*c + 54. Give n(8).
-2
Let g(k) = -4*k**2 - 40*k + 576. Give g(8).
0
Let r(q) = q**2 - 106*q + 2742. Calculate r(40).
102
Let t(c) = 74*c**2 - 37*c - 77. Calculate t(-2).
293
Let u(f) = 6890*f + 27551. Calculate u(-4).
-9
Let u(m) = m**3 - 11*m**2 - 74*m + 820. Give u(9).
-8
Let t(p) = -p**3 - 52*p**2 + 47*p - 327. Calculate t(-53).
-9
Let y(w) = 46*w - 3040. Give y(62).
-188
Let d(a) = 2*a**3 + 26*a**2 + 75*a + 132. Calculate d(-10).
-18
Let y(q) = -2*q**3 - 3*q**2 + 5*q + 11. Determine y(-2).
5
Let x(d) = -13*d**3 + 325*d**2 + 25*d - 629. Determine x(25).
-4
Let f(m) = -m**3 + 3*m**2 + 455*m - 1808. Determine f(4).
-4
Let g(f) = 14*f**2 - 375*f - 31. What is g(28)?
445
Let o(d) = -5*d**3 + 57*d**2 - 11*d - 15. What is o(11)?
106
Let a(k) = k**3 - 35*k**2 - 2*k + 57. Calculate a(35).
-13
Let l(t) = t**3 + 12*t**2 + 7*t - 33. Determine l(-11).
11
Let k(h) = h**2 - 10*h + 33. Determine k(-8).
177
Let z(o) = -o**3 - 3*o**2 + 99*o + 54. Give z(-12).
162
Let w(v) = 6*v + 125. Give w(-21).
-1
Let w(b) = 3*b**3 + 13*b**2 - 32*b - 34. Determine w(-6).
-22
Let s(f) = -f**3 + 13*f**2 - 34*f + 18. What is s(10)?
-22
Let i(l) = -2*l**2 + 11*l - 36. Give i(8).
-76
Let z(u) = -2*u**2 - 202*u + 1936. Give z(-107).
652
Let t(x) = 59*x - 5250. What is t(89)?
1
Let d(o) = o**3 - 213*o**2 - 857*o - 2382. Give d(217).
5
Let j(y) = -y**3 + 5*y**2 - 25*y + 82. What is j(4)?
-2
Let n(q) = q**3 + 2*q**2 - 6*q + 2. Give n(-5).
-43
Let j(y) = -43*y - 855. Calculate j(-20).
5
Let q(u) = -28*u**2 + 54*u + 10. Calculate q(2).
6
Let s(k) = -91*k - 4748. Give s(-52).
-16
Let r(t) = t**3 + 69*t**2 + 12*t + 683. Give r(-69).
-145
Let s(f) = 4*f**3 - 303*f**2 - 64*f - 899. Calculate s(76).
13
Let s(p) = -4961*p + 29739. What is s(6)?
-27
Let j(r) = -162*r - 5707. Calculate j(-35).
-37
Let a(q) = -q**3 - 8*q**2 - 6*q - 1. What is a(-8)?
47
Let r(y) = 2*y**2 + 132*y + 1735. Determine r(-48).
7
Let l(s) = 371*s - 1119. Determine l(3).
-6
Let s(v) = 39*v**2 + 12*v + 38. Determine s(-4).
614
Let j(v) = v**2 - 5*v - 195. Calculate j(-13).
39
Let z(k) = k**3 - 48*k**2 + 253*k - 47. Give z(42).
-5
Let p(y) = y**3 - 15*y**2 - 34*y + 10. Determine p(-7).
-830
Let m(q) = 2*q**2 + 49*q - 267. What is m(-29)?
-6
Let o(w) = w**3 - 50*w**2 - 57*w + 228. Determine o(51).
-78
Let h(g) = 1963*g + 453456. What is h(-231)?
3
Let h(n) = -n**3 + n**2 + 69. Calculate h(0).
69
Let p(x) = -12*x**2 - 588*x + 26. Calculate p(-49).
26
Let t(a) = -4*a**2 + 407*a + 485. Determine t(103).
-30
Let o(r) = 15*r - 312. What is o(26)?
78
Let w(m) = -2*m**3 - 11*m**2 - 8*m + 3. What is w(-1)?
2
Let f(s) = -s**3 + 31*s**2 - 28*s - 54. What is f(30)?
6
Let f(h) = -346*h - 11404. Calculate f(-33).
14
Let l(t) = -7*t + 383. Give l(54).
5
Let z(j) = -48*j + 346. Give z(9).
-86
Let g(f) = -f**3 - 13*f**2 - 63*f - 84. Give g(-6).
42
Let t(d) = 623*d + 75380. Determine t(-121).
-3
Let j(h) = h**3 - 49*h**2 + 93*h + 23. What is j(47)?
-24
Let m(o) = 2*o**2 + 16*o - 9. What is m(1)?
9
Let k(v) = -3*v**3 + 2*v**2 - 9*v + 16. What is k(7)?
-978
Let p(u) = -u**2 + 64*u - 798. Calculate p(27).
201
Let l(u) = 22*u**2 + 33*u - 217. Determine l(-4).
3
Let r(d) = -22*d + 513. Determine r(-21).
975
Let t(d) = -d**3 + 15*d**2 + 54*d - 32. What is t(18)?
-32
Let q(h) = 6*h**2 - 498*h - 11. Give q(83).
-11
Let a(f) = f**2 - 5*f - 544. Calculate a(26).
2
Let k(r) = 71*r**3 - 4*r**2 + 3. What is k(1)?
70
Let p(c) = -c**3 + 17*c**2 - 87*c + 627. Determine p(14).
-3
Let f(k) = k**3 + 3*k**2 + 2*k + 30. Calculate f(0).
30
Let b(k) = -150*k - 11221. Determine b(-75).
29
Let f(d) = 105*d - 305. Calculate f(3).
10
Let r(i) = i**2 - 1117*i - 76843. Determine r(-65).
-13
Let t(s) = -154*s + 501. Calculate t(3).
39
Let v(d) = -3*d**2 - 80*d - 63. Give v(-26).
-11
Let s(q) = -q**2 - 56*q - 104. Give s(-53).
55
Let k(l) = 53*l + 160. Give k(-4).
-52
Let x(m) = 308*m + 4929. Calculate x(-16).
1
Let b(p) = -4*p**2 + 19*p + 82. Determine b(-5).
-113
Let u(m) = 26*m - 973. Determine u(39).
41
Let m(l) = -17*l + 64. Give m(2).
30
Let j(n) = 2*n**3 - 276*n**2 + 1338*n - 5. Give j(5).
35
Let k(j) = -3*j**2 + 156*j - 1473. Determine k(39).
48
Let l(y) = -y**2 - 157*y - 5998. Calculate l(-90).
32
Let x(u) = 319*u**2 + 2*u + 4. Calculate x(-1).
321
Let m(r) = 21*r - 248. What is m(13)?
25
Let y(o) = o**2 + 50*o - 282. What is y(-57)?
117
Let a(o) = -3*o**3 - 24*o**2 + o + 9. What is a(-7)?
-145
Let h(v) = -9*v**3 + 2*v**2 - 5*v + 9. Give h(2).
-65
Let q(h) = h**3 + 19*h**2 - 285*h + 116. What is q(-29)?
-29
Let g(b) = -b**3 + 15*b**2 + 12*b + 57. Give g(16).
-7
Let m(v) = 153*v - 668. Calculate m(4).
-56
Let j(z) = 71*z - 3. Determine j(5).
352
Let i(z) = 647*z - 1296. Determine i(2).
-2
Let y(d) = -d**3 - 41*d**2 + 4*d + 42. What is y(-41)?
-122
Let k(h) = 5*h**2 + 122*h - 419. Calculate k(3).
-8
Let x(d) = 206*d + 617. Determine x(-4).
-207
Let u(m) = -17*m - 276. What is u(-16)?
-4
Let i(o) = 6*o**3 - 469*o**2 + 70*o + 625. Calculate i(78).
1
Let w(f) = -f**3 - 57*f**2 - 214*f - 86. Give w(-53).
20
Let r(s) = -s**2 - 2611*s + 18319. What is r(7)?
-7
Let u(p) = -71*p + 1275. What is u(18)?
-3
Let b(w) = -907*w - 11797. Determine b(-13).
-6
Let a(j) = j**2 - 57*j - 1270. Calculate a(-16).
-102
Let f(t) = t**3 - 56*t**2 + 55*t + 212. Determine f(55).
212
Let y(u) = 125*u**2 + 2125*u - 12. Determine y(-17).
-12
Let y(z) = 80*z - 576. Determine y(3).
-336
Let y(i) = 3*i**3 + 95*i**2 - 27*i + 29. Determine y(-32).
-131
Let u(c) = -150*c + 885. Determine u(3).
435
Let r(v) = -43*v + 1080. Give r(25).
5
Let w(a) = 945*a**2 - 7559*a - 11. Give w(8).
-3
Let i(b) = 15*b - 145. Determine i(-10).
-295
Let y(s) = -s - 13. What is y(-14)?
1
Let z(w) = 2*w**2 - 686*w + 1369. Calculate z(2).
5
Let n(h) = -1072*h**3 + h**2 - 3. What is n(-1)?
1070
Let d(p) = -68*p - 524. Calculate d(-9).
88
Let y(m) = 5*m**2 - 165*m - 28. Calculate y(33).
-28
Let s(g) = 23*g**3 + 8*g**2 - 12*g - 7. What is s(2)?
185
Let s(u) = -2*u**3 - 126*u**2 + 125*u - 185. Calculate s(-64).
7
Let z(t) = -4*t**2 + 24*t + 2. Give z(0).
2
Let p(b) = 5*b**2 + 47*b + 129. What is p(-6)?
27
Let p(y) = -2*y**3 - 236*y**2 - 243*y - 1031. Determine p(-117).
22
Let y(q) = -2*q**2 - 46*q - 242. Give y(-10).
18
Let s(l) = -6*l**2 + 9*l + 65. Give s(-10).
-625
Let t(j) = j**2 - 13*j - 457. Give t(29).
7
Let m(c) = 78*c**2 + 17*c - 14. Determine m(-3).
637
Let r(f) = -f**3 + 33*f + 36. Calculate r(-5).
-4
Let v(l) = 3*l**2 - 81*l - 264. Determine v(30).
6
Let d(w) = -w**3 - 37*w**2 + 119*w - 46. Determine d(-40).
-6
Let r(i) = i**3 - 75*i**2 + 594*i + 1. Give r(66).
1
Let n(g) = 5*g**3 + 64*g**2 + 17*g + 87. Determine n(-13).
-303
Let q(w) = -3*w**2 + 75*w + 529. Give q(-6).
-29
Let y(q) = -q**2 - 4*q + 57. What is y(10)?
-83
Let o(k) = -85*k + 3595. Give o(44).
-145
Let w(s) = -s**2 - 39*s - 284. Give w(-28).
24
Let r(y) = -913*y - 11088. What is r(-12)?
-132
Let t(r) = -r**3 - r**2 + r + 226. Give t(0).
226
Let x(w) = 2*w**2 - 22*w + 3. Determine x(9).
-33
Let u(x) = -x + 24. Determine u(12).
12
Let j(v) = v**3 - 19*v**2 + 58*v + 17. Calculate j(8).
-223
Let n(r) = -19*r - 297. Calculate n(-17).
26
Let s(u) = -u**2 - 32*u - 209. What is s(-25)?
-34
Let w(p) = p**2 + 101*p - 66